s of (-2)/y + (-69)/(-6).
2, 3
Let p(b) = b**3 + 5*b**2 - 5*b - 7. Let j = 5 - 0. Let w = j - 10. What are the prime factors of p(w)?
2, 3
Let n(x) = -x**2 - 8*x + 2. Let u = -10 - -2. List the prime factors of n(u).
2
Let m be -1*(0 - (-2 - 39)). Let r = 9 - m. What are the prime factors of r?
2, 5
Suppose -6 = -n - 2*n. Suppose -4*i - i = n*c - 5, 0 = -c + 3*i - 3. What are the prime factors of 8 + c + 2 + -4?
2, 3
Suppose -5 = -3*u - p, -5*p = -u - 4*u - 5. List the prime factors of (3 + -2)*u*12.
2, 3
Suppose 4*v + v - 35 = 0. Suppose -w + 12 = 5*y - v, -2*y = -2*w + 14. List the prime factors of w.
3
What are the prime factors of (-2155)/(-55) + (-4)/22?
3, 13
Let v = 45 - 13. List the prime factors of v.
2
Let d(w) = w**3 - 5*w + 5. List the prime factors of d(4).
7
Suppose 19 = n + 2*t, 0*n - 4*n + 26 = -2*t. Let j = n - 18. List the prime factors of 6/j + 20/3.
2, 3
Let r = -53 - -97. List the prime factors of r.
2, 11
Let n = 54 + -27. Let i = n + 16. What are the prime factors of i?
43
Suppose -2*o + 484 = -5*c + c, 5*c - 466 = -2*o. List the prime factors of o.
2, 7, 17
Let y(d) = d + 17. Let s be y(-12). Suppose s*v = 7*v - 60. List the prime factors of v.
2, 3, 5
Let i(h) = 2*h**3 - h**2 - 3*h + 3. Let t be i(2). Let d = -6 + t. Suppose -22 = 5*f + d*w - 64, 4*f - 5*w = 4. List the prime factors of f.
2, 3
Let g be (-2 - (1 - 2)) + -21. Let n = -4 - g. List the prime factors of n.
2, 3
Suppose -4*h + 9*h - 75 = 0. Suppose -3*n = -h - 57. What are the prime factors of n?
2, 3
Suppose 8 + 35 = w. List the prime factors of w.
43
Let g be (0 - 1)*1 + -4. Let m = -23 - -13. Let d = g - m. What are the prime factors of d?
5
Let p(z) = -z**3 - z + 26. List the prime factors of p(0).
2, 13
Let v = 630 - 398. Let l be 2/7 - v/28. Let y = 13 + l. What are the prime factors of y?
5
Let x(f) = f**3 + 7*f**2 - f - 7. Let q be x(-7). Suppose q*n + 2*n = 0. Let b = 3 + n. What are the prime factors of b?
3
Let a(x) = -x**3 + x**2 + 3*x - 2. Suppose -4 = 4*k + 2*h, -4*k + 0*k + 3*h - 24 = 0. List the prime factors of a(k).
5
Let t(r) = r - 7. Let c be t(9). Suppose c*k - 26 = -0*k. What are the prime factors of k?
13
Let n = -18 - -21. Let a = n + 11. What are the prime factors of a?
2, 7
Let u(x) = 2 + 1 + x - 1 - 1 + x**3 + x**2. Let g be u(0). What are the prime factors of 11*(-2 - -3)*g?
11
Let b = -6 + 14. Suppose 4*v = b*v - 12. What are the prime factors of v?
3
Let l be (13/2)/(5/10). Let u = 15 - l. List the prime factors of u.
2
Let h(u) = -25*u**3 - 5*u**2 - 7*u + 1. Let f(x) = 25*x**3 + 4*x**2 + 6*x - 1. Let r(b) = 6*f(b) + 5*h(b). List the prime factors of r(1).
2, 3
Let h(g) = -g**2 - 14*g - 20. Suppose 4*f + 4*c + 44 = 0, -2 - 34 = 3*f + 4*c. List the prime factors of h(f).
2, 7
Suppose 5*g + 3 - 18 = 0. List the prime factors of 67/g + (-2)/(-3).
23
Let b = -9 - -11. List the prime factors of (-22)/(-1) + -1 + b.
23
Suppose 5*g + 83 - 236 = 2*o, 2*o = -4*g + 108. List the prime factors of g.
29
Let s(p) = -8*p - 16. Let w(g) = -g - 1. Let h(o) = -s(o) + 10*w(o). List the prime factors of h(-6).
2, 3
Let i = -121 + 252. List the prime factors of i.
131
Suppose -5*h = -4*l - 93, h - 4*l - 5 = 4. List the prime factors of h.
3, 7
Let w(v) = -2*v - 3. Let h be 2/6 + (-13)/3. What are the prime factors of w(h)?
5
Suppose -3*s - 25 = -8*s, -2 = g - s. Let m be ((-10)/4)/(g/(-6)). Suppose 0 = -0*c - 4*c, 5*b - 45 = m*c. What are the prime factors of b?
3
Let k = -5 - -7. Suppose 32 = 2*i + 2*c, 8 = i - c - k. What are the prime factors of i?
13
Let p be (-2)/(-8) - 45/(-12). Let v = p - -8. List the prime factors of v.
2, 3
Let f be (5 - 1) + -1 + -1. Let j = 0 + f. Suppose -j*w + y + 6 + 6 = 0, -1 = w + 3*y. List the prime factors of w.
5
Let t(o) = -o**3 - 6*o**2 - 3*o - 7. What are the prime factors of t(-6)?
11
Suppose 4*q + 10 - 66 = 0. Suppose -4*n = 2*f - 0*n - q, 3*f - 43 = 5*n. What are the prime factors of f?
11
Let p = 259 + -103. What are the prime factors of p?
2, 3, 13
Suppose q = -45 + 144. What are the prime factors of q?
3, 11
Let z(y) = 9*y + 26. List the prime factors of z(17).
179
Suppose -l = l - 4*h + 12, 2*l - 20 = -4*h. What are the prime factors of (-12)/(l/(-20)*4)?
2, 3, 5
Suppose -5*d + 74 = -3*d - s, 2*d - 4*s - 68 = 0. List the prime factors of d.
2, 19
Suppose 5*a + w + 4 = 0, -3*a = a + 5*w + 20. Let y = -4 + 3. List the prime factors of a + (-2 + y - -8).
5
Let s(w) = 2 - 7 - 7 - w**2 + 14*w. What are the prime factors of s(12)?
2, 3
Suppose j = -14 + 76. What are the prime factors of j?
2, 31
List the prime factors of -1 - (-99)/(3/1).
2
Let j = -11 - -33. List the prime factors of j.
2, 11
Suppose -127 - 101 = -6*l. What are the prime factors of l?
2, 19
Suppose 5*j + 4 = -1. Let t be (j + 2)/4*4. Suppose t = -o + 14. What are the prime factors of o?
13
Suppose -s = -4*j + 12 + 2, s + 5 = j. Let q(p) = -p**2 - 5*p - 2. List the prime factors of q(s).
2
Let v = 0 - -2. Suppose 3*y - 85 = -v*y. Let l = -8 + y. List the prime factors of l.
3
Let v(g) = g**2 - g + 1. Let h(t) = -t**3 + 3*t**2 + 2*t + 5. Let i be h(4). List the prime factors of v(i).
13
Suppose -138 + 8 = -5*p. List the prime factors of p.
2, 13
Suppose z = 46 - 1. Suppose 4*v + v + 4*b - 75 = 0, 3*v = 3*b + z. What are the prime factors of v?
3, 5
Let g = 7 - 2. Suppose -z = -1 - 2. Suppose -g*d + 3 = 4*o, 0*o - 7 = -2*o + z*d. List the prime factors of o.
2
Suppose 2*u - u + 3*q = 6, 2*u - q - 12 = 0. Suppose -2*a + 10 = -4*n, a = -2*n + u*a + 7. List the prime factors of (n/6)/((-6)/81).
3
Suppose 5*h = -15, -3*m - 2*h = -83 + 23. Let z = m + 3. What are the prime factors of z?
5
Suppose -2*j - k = -358, 3*j + j + 3*k = 720. What are the prime factors of j?
3, 59
Let t = -12 + 41. List the prime factors of t.
29
Suppose -1 - 4 = -w, 3*x + 4*w = 38. Suppose -4 = -2*n + x. Suppose 5*k + 3*c - 55 = 0, -5 = -n*k - 2*c + 50. What are the prime factors of k?
11
Let y = -168 + 90. Let w = -39 - y. Suppose m - w = -2*m. List the prime factors of m.
13
Let z be 0 + 12*2 + -3. Suppose -3*g = i + g - 19, 0 = -i - 5*g + z. List the prime factors of i.
11
Let v(j) be the second derivative of -j**5/20 - 2*j**4/3 - 3*j**3/2 - 3*j**2 - 3*j. Let x(a) = -a - 1. Let z be x(6). What are the prime factors of v(z)?
2
Let a = -42 + 170. What are the prime factors of a?
2
Let f(q) be the third derivative of q**4/8 + q**3/6 - q**2. Let y be f(1). Suppose -2*r + 10 = -c - 18, y*r - 56 = -c. List the prime factors of r.
2, 7
Suppose 16 = 4*x + g, -5*x + 4*g - 7 = -2*x. Suppose -3*p + j + 8 = -29, 0 = -x*p - 2*j + 52. List the prime factors of p.
2, 7
Suppose -256 = -5*u + u. Let b = u + -10. What are the prime factors of b?
2, 3
Let s be 5 + (-2 - 4/4). Suppose 0 = -s*r + 4*r - 66. What are the prime factors of r?
3, 11
Let m(v) = -4*v**3 - 5*v**2 - 2*v + 7. Let z(g) = 7*g**3 + 10*g**2 + 4*g - 13. Let u(n) = -5*m(n) - 3*z(n). What are the prime factors of u(-5)?
2, 7
Let f(z) be the third derivative of -3*z**6/20 + 2*z**2. What are the prime factors of f(-1)?
2, 3
Let i be 20/(-15)*(-18)/4. Let w be (0 - 1)*(2 - i). Suppose -3*a + 2*x = -24, -9 = -w*x + 3. List the prime factors of a.
2, 5
Let d(n) = n**2 - 8*n - 1. Let g = 2 + 6. Let z be d(g). What are the prime factors of (1*-1)/(z/3)?
3
Let o(h) be the third derivative of -h**2 + 0*h - 1/24*h**4 + 0 + 1/15*h**5 - 1/3*h**3 + 1/120*h**6. List the prime factors of o(-3).
2, 5
Let r = -43 - -73. Let x = 44 - r. List the prime factors of x.
2, 7
Suppose 3*f + w = 29, f - 3*f = 2*w - 14. Let v = 14 - f. List the prime factors of v.
3
Suppose -208 = -3*q + 20. Suppose 2*f - 4*f = -q. List the prime factors of f.
2, 19
Let z(a) = -43*a**2 - 3*a. Let y(u) = -22*u**2 - u. Let j(n) = -5*y(n) + 2*z(n). What are the prime factors of j(1)?
23
Suppose 0 = -5*n + 5*u - 5, -1 = 4*n - 3*u + 4. What are the prime factors of n + (0 + -1 - -18)?
3, 5
Let b(m) = m + 8. Let r be b(-6). Suppose 0 = -r*a + 1 + 15. Let p = -2 + a. List the prime factors of p.
2, 3
Let p(w) = w**3 - 2*w**2 + 3*w + 1. What are the prime factors of p(3)?
19
Let b(a) = a + 1. Let p be b(-1). Suppose -4*q + 7*q - 42 = p. Suppose -5*i = -3*i + 2*r - 14, 0 = 2*i + 3*r - q. List the prime factors of i.
7
Let d be -10 - -7 - (-10 + -2). Let s = 4 + d. List 